 + 0. Suppose p - r - 105 = 11, 5*p + 4*r - j = 0. What is the tens digit of p?
1
Let d = 60460 - 35929. What is the thousands digit of d?
4
Let m = -28719 - -86723. What is the hundreds digit of m?
0
Let n = 742 - 351. Let y = -179 + n. What is the hundreds digit of (-3)/((-12)/y)*(-1 + 3)?
1
Suppose -123902 = -125*t + 273223. What is the hundreds digit of t?
1
Let v = 30266 + -13157. What is the thousands digit of v?
7
Let s = -65 - -214. Let z = s + 157. What is the tens digit of z?
0
Let z = -8020 - -12123. What is the hundreds digit of z?
1
Let j(i) be the third derivative of -i**6/120 - 3*i**5/20 - 19*i**4/24 - 7*i**3/3 + 2*i**2 + 4. What is the units digit of j(-12)?
6
Suppose 0 = -2*w + 3*w - 23. Suppose -w*t = -28*t + 3515. What is the hundreds digit of t?
7
Suppose 0 = 5*p - 35*p - 23*p + 272049. What is the units digit of p?
3
Let y be 4*(-3)/((-12)/4). Suppose y*d = d + 4*d. Suppose 3*b - 10*b + 42 = d. What is the units digit of b?
6
Suppose 6*p - 2*p = -3*g + 38, -5*p - 4*g = -47. Suppose 0 = t + 3*t + 2*v + 2, t + 4*v + p = 0. What is the tens digit of (54/15)/(t/25)?
9
Let l(n) = 143*n - 99. Let q(a) = -a**3 + 8*a**2 + 4*a - 28. Let i be q(8). What is the tens digit of l(i)?
7
Let n be 8*(-17)/(-17)*(-755)/(-4). Suppose n - 326 = 4*a. What is the hundreds digit of a?
2
Suppose 32449 = 4*k - 3*f, -2*k - 28*f = -26*f - 16228. What is the thousands digit of k?
8
Suppose -3880 - 9396 = -s. What is the units digit of s?
6
Let d = 869 - 865. What is the units digit of 6/d + (-6538)/(-4)?
6
Suppose -3*l + 90211 = 53*j - 51*j, 45073 = j + 8*l. What is the units digit of j?
3
Suppose 8473 = 2*h - c - 23594, -4*h - 8*c + 64144 = 0. What is the thousands digit of h?
6
Suppose 2*k = 5*w - 16, 4*k - 4 = -16. Suppose -w*h + 7*h - 4870 = 0. What is the hundreds digit of h?
9
Let k be 104/18 + (-1)/((-63)/14). What is the tens digit of (4 - (k - 1))*-86?
8
Let a(c) = c**2 + c - 8. Let s be a(-4). Let b be 4/(-2) + (s - 243/(-3)). Suppose -3*n - 37 = -3*j + b, 0 = -j - 2*n + 52. What is the units digit of j?
4
Let y(j) = -j**2 + j - 284. Let g be y(0). Let o = -137 - g. Suppose 0 = 4*f - 133 - o. What is the units digit of f?
0
Let o be (1 + (-31)/(-3))/(6/9). What is the units digit of (o/(-68))/((-1)/4) + 18?
9
Let b = 186 - 181. What is the hundreds digit of (-14674)/(-22) + b + 0?
6
Let k = 19336 - 13369. What is the tens digit of k?
6
What is the tens digit of (82/(-4))/41*-30480?
4
Suppose 0 = w - 2, -273234 = -13*l + 2*w + 223440. What is the ten thousands digit of l?
3
Let j(s) = -s**3 + 9*s**2 - 5*s - 4. Let n = -50 - -56. What is the tens digit of j(n)?
7
Suppose 20 = 6*m + 92. Let a be -3*(-1)/4 + (-51)/m. Suppose 0 = a*g + 45 - 860. What is the units digit of g?
3
Let s(d) = 54*d + 2. Let y be s(2). Suppose -5*a = 5*o - 255, 13*o - 95 = 11*o + 5*a. Suppose f = 5*t + 61, 5*f = -4*t + o + y. What is the units digit of f?
6
Let k = -81 + 79. Let s be 3/(3/(-6)*k) + 198. Let g = s + -26. What is the units digit of g?
5
Let h be (-170)/(-4) + (5 - (-33)/(-6)). What is the hundreds digit of 956/(-6)*7/h*-9?
2
Let y = -167 + 339. Suppose y = 5*g - 93. Let h = g + -8. What is the tens digit of h?
4
Let t(q) = -2*q**2 + 18*q - 12. Let v be t(8). Suppose v*g + 42 = 2. What is the units digit of (-2004)/(-15) - 4/g?
4
Suppose 5*r = 5*n + 89015, -2*r + 35609 = -2335*n + 2334*n. What is the units digit of r?
6
Suppose -27*k = -12114 - 18900 - 5868. What is the units digit of k?
6
Suppose -5*a + 89697 = -4*i, -19*i = -23*i + 8. What is the ten thousands digit of a?
1
Let c(y) = 26*y**2 - 24*y - 22. Let n(i) = -i**2 + i - 4. Let b be n(2). What is the thousands digit of c(b)?
1
Let z(t) = -8*t + 26. Let p = -64 + 55. Let u be z(p). Suppose 0 = 15*l - 14*l - u. What is the units digit of l?
8
Let z(a) = -a**2 + 56*a + 214. What is the hundreds digit of z(55)?
2
Suppose 14 + 1 = -5*k, 3*d - 186 = 4*k. Suppose -17*b + b = -816. Let f = d - b. What is the units digit of f?
7
Let i be (-432)/(-792) + 115/11. Suppose s - i*c = -10*c + 68, 202 = 3*s - c. What is the units digit of s?
7
Suppose -15*r - 644 + 7859 = 0. Suppose -2 = 2*x, 4*x = 6*t - 5*t - r. What is the units digit of t?
7
Let y = -164 + 82. Let m = y + 149. Let k = m + -64. What is the units digit of k?
3
Let w(l) = -35*l**3 - 8*l**2 - 276*l - 30. What is the units digit of w(-10)?
0
Let j be 10/45 - -244*(-393)/(-54). Suppose 7*g = g + j. What is the hundreds digit of g?
2
Suppose -403*g = -368*g - 1504440. What is the units digit of g?
4
Suppose 4*f + 3139 - 724 = -5*j, 3*f - 1422 = 3*j. Let o = -72 - j. What is the units digit of o?
7
Suppose y - 3*g + 425 = 0, -2161 = 5*y + 3*g - 6*g. Let z = y + 1558. What is the tens digit of z?
2
Suppose -5647*j + 5661*j = 684236. What is the tens digit of j?
7
Let h(t) = 2*t + 18. Let n(b) = -b**3 - 7*b**2 + 3*b + 21. Let w be n(-7). Suppose 2*a - 4*l - 16 = w, 6*l + 16 = 2*l. What is the tens digit of h(a)?
1
Suppose 7*f - 31793 - 547 = 0. Suppose -4*z - 79 + 287 = 0. What is the tens digit of 4/26 + f/z?
8
Let q be 42*(-3 - -4)*(16 + -18). Suppose 2*h = -3*u - 670, -h - 357 = -4*u - 0*u. Let o = q - h. What is the hundreds digit of o?
2
Suppose 255 = -29*a + 24*a. Let j = 132 + a. Suppose j = 3*d - 108. What is the tens digit of d?
6
Let g = 57011 + -28615. What is the units digit of g?
6
Let t(s) = -5*s + 330. Let d be t(-37). Let k = -316 + d. What is the tens digit of k?
9
Let m(k) = -2*k**2 + 7*k - 2. Let i be m(4). Let j be (-48656)/(-64) + i/(-8). Let a = j - 496. What is the tens digit of a?
6
Let u = -20688 - -30165. What is the tens digit of u?
7
Let d(j) = 4*j**3 - 5*j**2 + 10*j + 62. What is the units digit of d(10)?
2
Let k be ((-804)/30)/((-2)/220). Suppose 4*t - 2365 = -d, -5*t - 6*d = -2*d - k. Suppose 4*l = -4*l + t. What is the tens digit of l?
7
Let y(z) = 2*z**2 + 5*z + 10. Let g(m) = -7*m + 10*m + 3*m**2 + 11*m - 3*m + 20. Let o(n) = 3*g(n) - 5*y(n). What is the units digit of o(8)?
0
Let k be (1023/(-6))/((-12)/144). Suppose -4*c + 4*h = -888 - 736, 5*c = -3*h + k. What is the units digit of c?
8
Let w be ((-9)/2)/(-3)*2 + -2. Suppose l = 3 + w. Suppose l*j + 202 = 2*v, j - 386 = -8*v + 4*v. What is the tens digit of v?
9
Suppose 0*m + 5*n = -m + 86, 0 = -m + 5*n + 96. Let r = m - 95. What is the tens digit of (r + 3 + -217)/(5 + -7)?
0
Suppose -17 = 18*l + 19. What is the tens digit of l + 4/(-1) - -107?
0
Suppose 80 = 9*c - 127. What is the hundreds digit of 2 + 33/(c/(-6) + 4)?
2
Suppose 1 = -f + 6. Suppose 0 = 4*x - 8, -36 = g + x - f*x. Let i = 104 + g. What is the units digit of i?
6
Let h be 1074/4 + (-2)/(-4). Let t be -1 + 178 - (-3 - -4)*2. Let b = h - t. What is the units digit of b?
4
Suppose 0 = 79*q - 84*q - 150. Let d be q/105 - (-144)/14. Suppose -3*h - p = -389, -d = 6*p - 8*p. What is the units digit of h?
8
Suppose 3*b + 10*v - 7914 = 14*v, -3*b = 2*v - 7896. What is the units digit of b?
4
Suppose 179*u - 97*u = 92*u - 70950. What is the hundreds digit of u?
0
Let x(n) = -3*n + 19. Let k be x(9). Let q(y) = -y**3 - 8*y**2 + y + 1. Let p be q(k). What is the units digit of 2/p - 3440/(-35)?
8
Let x = 244 - 398. Let u = -223 - x. Let f = 129 + u. What is the units digit of f?
0
Let x(k) = 1343*k + 701. What is the ten thousands digit of x(7)?
1
What is the thousands digit of ((-17)/(-85))/((-4)/10) - (-209463)/6?
4
Let c be 6 + (-8 - -1) + 3. Suppose 1090 = 3*l + c*d, -2*d = l + 3*d - 346. What is the tens digit of l?
6
Let k(i) = i**2 - 59*i - 99. Let j be -25 + (-8 + 11)/(1 + 0). What is the tens digit of k(j)?
8
Let f be 10 + -21 + ((-7)/7 - 28). Let j(r) = -5*r**3 - 6*r**2 - r + 4. Let b be j(-4). Let w = f + b. What is the units digit of w?
2
Let q(w) = -w**3 + 8*w**2 - 4*w - 6. Let j = -22 + 27. Let f be q(j). Suppose -f + 155 = r. What is the units digit of r?
6
Suppose -53896 = -2*h + 3*d, 3*d - 29572 = -3*h + 51227. What is the units digit of h?
9
Let f(x) = 22*x**2 + 3*x - 15. Suppose -7*v - 10 = -5*v. What is the tens digit of f(v)?
2
Let j(c) = 22*c - 75. Suppose 0 = 8*m - 408 + 72. What is the tens digit of j(m)?
4
Suppose -27472 = -872*g + 864*g. What is the thousands digit of g?
3
Let x(c) = c**3 + 2*c**2 + 5*c - 1674. Let j be x(0). Let i = j - -2809. What is the hundreds digit of i?
1
S